 Determine p(-8).
-148
Let k(d) = 3*d**2 - 167*d + 1092. What is k(7)?
70
Let x(i) = 122*i - 1789. Determine x(15).
41
Let d(j) = -j**2 + 56*j - 645. Determine d(16).
-5
Let z(y) = -y**3 + 34*y**2 + 239*y + 2. Determine z(-6).
8
Let j(k) = 2*k**2 + 56*k + 225. Determine j(-24).
33
Let o(m) = -1713*m + 56505. Calculate o(33).
-24
Let v(u) = -4*u**3 + 13*u**2 - 22*u + 37. Determine v(3).
-20
Let y(r) = 1233*r + 17267. What is y(-14)?
5
Let u(b) = 36*b + 8. Give u(-5).
-172
Let x(q) = q**3 - 62*q**2 + 155*q - 2115. Calculate x(60).
-15
Let s(y) = -835*y + 158643. What is s(190)?
-7
Let d(n) = 12*n**2 + 52*n + 2. What is d(-4)?
-14
Let f(k) = 3*k**2 + 16*k + 11. Calculate f(-5).
6
Let a(s) = -s**3 - 12*s**2 - 5*s + 73. Determine a(-11).
7
Let p(h) = 464*h + 13454. What is p(-29)?
-2
Let o(z) = -z**3 - 28*z**2 - 82*z - 1480. Give o(-27).
5
Let m(w) = 90*w - 765. Give m(0).
-765
Let j(u) = u**3 + 11*u**2 - 68*u - 769. Give j(-12).
-97
Let v(f) = -11*f**3 + f - 1. Give v(1).
-11
Let g(b) = 4*b**3 - 2*b**2 + 29*b - 106. Determine g(3).
71
Let r(w) = 135*w - 5801. Give r(43).
4
Let i(m) = -41*m - 156. Give i(-4).
8
Let l(f) = 5*f**2 + 3635*f - 3633. Calculate l(1).
7
Let j(c) = -c**3 + 16*c**2 + 5*c + 35. Give j(17).
-169
Let h(r) = 2857*r - 111426. Give h(39).
-3
Let v(z) = -1475*z - 42782. Determine v(-29).
-7
Let r(o) = -47*o**2 - 15*o + 4. Give r(2).
-214
Let o(m) = -2968*m + 23770. Determine o(8).
26
Let z(u) = -4*u**3 + 97*u**2 - 513. Give z(24).
63
Let k(b) = -273*b**3 - b**2 - 8*b - 7. Give k(-1).
273
Let y(j) = -825*j + 24710. Determine y(30).
-40
Let s(k) = 312*k - 5929. Give s(19).
-1
Let x(b) = -b**3 + 12*b + 9. What is x(-5)?
74
Let r(n) = -n**3 - 40*n**2 - 72*n + 133. What is r(-38)?
-19
Let c(b) = -34*b**3 - b**2 + 2*b + 1. Give c(-2).
265
Let m(p) = -13871*p + 97093. Determine m(7).
-4
Let g(u) = -283*u + 545. Determine g(2).
-21
Let d(u) = u**2 - 30*u + 85. Calculate d(27).
4
Let w(p) = -p**3 - 16*p**2 + 49*p + 373. What is w(-17)?
-171
Let g(t) = -2*t**3 + 25*t**2 + 11*t - 19. Determine g(13).
-45
Let p(u) = 57592*u - 518334. Determine p(9).
-6
Let f(v) = 2*v**3 - 175*v**2 + 750*v - 245. Calculate f(83).
4
Let a(m) = m**3 + 6*m**2 + 69*m + 165. Give a(-3).
-15
Let i(g) = -g**3 - 67*g**2 + 279*g - 141. Calculate i(-71).
214
Let i(z) = -4*z**3 - 41*z**2 + 17*z + 40. Determine i(-12).
844
Let u(p) = -3425*p + 137007. Give u(40).
7
Let o(a) = -67*a - 1201. What is o(-19)?
72
Let x(i) = -88*i - 591. Give x(-7).
25
Let u(w) = -w**2 + 120*w - 3198. What is u(80)?
2
Let q(o) = o**3 + 23*o**2 + 99*o - 13. Determine q(-6).
5
Let t(v) = -v**2 - 37*v - 100. Give t(-6).
86
Let x(t) = t**3 + 68*t**2 - 180*t - 7681. Determine x(-69).
-22
Let l(q) = q**2 - 5*q - 50. Give l(21).
286
Let p(n) = 2*n**3 - 25*n**2 - 49*n + 92. Determine p(14).
-6
Let g(p) = 7466*p + 141848. Determine g(-19).
-6
Let v(o) = -o**3 - 16*o**2 - 532*o - 2834. Give v(-6).
-2
Let v(h) = -6*h - 50. Calculate v(-14).
34
Let m(k) = 61302*k - 490414. Calculate m(8).
2
Let w(a) = 30*a**2 + 503*a - 132. Calculate w(-17).
-13
Let c(s) = s**3 - 45*s**2 - 83*s + 18. Calculate c(-2).
-4
Let q(v) = v**3 - 95*v**2 - 34*v + 12047. Determine q(94).
15
Let v(a) = a**3 - 16*a**2 + 56*a - 97. Determine v(12).
-1
Let o(r) = 2*r**2 - 8*r - 14792. What is o(-84)?
-8
Let y(l) = 8*l - 103. Calculate y(12).
-7
Let c(h) = -750*h - 10480. Calculate c(-14).
20
Let q(i) = -8*i**3 - 96*i**2 - 5*i - 66. Calculate q(-12).
-6
Let m(x) = x**2 - 46*x + 174. Determine m(22).
-354
Let n(p) = 28*p + 1743. Calculate n(-62).
7
Let b(h) = 2*h**2 + 1233*h - 7485. Determine b(6).
-15
Let w(g) = g**2 + 57*g - 20377. Give w(117).
-19
Let q(r) = 2*r**3 - 25*r**2 - 15*r + 1. Determine q(13).
-25
Let w(q) = -22*q**3 - 86*q**2 + 9*q. Give w(-4).
-4
Let v(i) = 32*i**2 + 473*i + 347. Calculate v(-14).
-3
Let v(n) = n**2 - 7*n + 31. Give v(11).
75
Let s(t) = 2*t**2 - 45*t + 9. Calculate s(0).
9
Let b(i) = -77*i + 9380. Calculate b(122).
-14
Let p(d) = 2*d**3 + 42*d**2 + 55*d + 299. Calculate p(-20).
-1
Let t(r) = -r**3 - 10*r**2 - 129*r - 1804. Determine t(-12).
32
Let x(a) = 2*a**2 + 12*a - 1264. What is x(31)?
1030
Let c(h) = 30*h**3 - 4*h**2 - 7*h - 3. What is c(-1)?
-30
Let j(g) = -88*g - 5634. Calculate j(-64).
-2
Let z(g) = -3826*g - 114790. What is z(-30)?
-10
Let z(d) = d**3 + 16*d**2 + 44*d + 7. Give z(-13).
-58
Let i(u) = -u**3 - 30*u**2 + 61*u - 39. Give i(-32).
57
Let r(y) = y**3 - 73*y**2 - 159*y + 691. Calculate r(75).
16
Let h(r) = r**3 - 50*r**2 + 621*r - 21. Give h(27).
-21
Let m(x) = 20*x**2 + 4*x - 12. Determine m(2).
76
Let s(i) = i**3 - 88*i + 64. Give s(9).
1
Let j(y) = -51*y - 566. Give j(-14).
148
Let z(g) = g**2 - 19*g + 7. What is z(0)?
7
Let u(a) = a**3 - 63*a**2 + 342*a - 84. Determine u(57).
-84
Let p(u) = -u**3 + 33*u**2 - 82*u + 33. Give p(31).
-587
Let f(s) = 2*s**3 + 189*s**2 - 96*s - 89. What is f(-95)?
6
Let r(o) = 9*o**3 - 6*o - 6. Calculate r(-3).
-231
Let i(d) = 157*d - 3135. Give i(20).
5
Let b(l) = 415*l - 420. Calculate b(0).
-420
Let p(o) = -o**3 + 8*o**2 + 31*o + 11. Determine p(12).
-193
Let d(y) = -5*y - 220. Give d(-46).
10
Let t(c) = 2389*c + 14323. What is t(-6)?
-11
Let p(l) = l**3 + 9*l**2 + 18*l + 3. Calculate p(-4).
11
Let x(v) = 8*v**2 - 3*v + 10. Calculate x(-2).
48
Let f(y) = 3*y**3 - 140*y**2 - 47*y - 20. Give f(47).
-20
Let i(o) = 496*o + 7811. What is i(-16)?
-125
Let w(s) = -273*s - 1950. Calculate w(-8).
234
Let q(c) = 2*c**2 - 76*c + 422. Determine q(5).
92
Let m(r) = 153*r - 1519. What is m(10)?
11
Let i(z) = 3*z**2 - 158*z + 76. Calculate i(52).
-28
Let x(b) = -3*b**2 - 30*b - 11. Calculate x(-8).
37
Let o(k) = -k**3 + 12*k**2 - 13*k + 2. What is o(10)?
72
Let x(d) = 29*d + 228. Calculate x(-24).
-468
Let g(k) = -3*k**2 + 233*k - 3180. Give g(60).
0
Let h(y) = -3*y - 144. What is h(-30)?
-54
Let h(f) = -f**2 + 109*f - 1899. Determine h(22).
15
Let x(c) = -c**3 - 59*c**2 + 193*c + 456. Determine x(-62).
22
Let k(w) = -46*w**3 + w**2 + 9*w - 1. Calculate k(-2).
353
Let i(t) = -1852*t - 3792. Determine i(-2).
-88
Let b(w) = 332*w - 9967. Determine b(30).
-7
Let s(v) = -318*v - 2536. Calculate s(-8).
8
Let c(n) = -n**3 - 11*n**2 - 434*n - 844. What is c(-2)?
-12
Let v(s) = s**2 - 33*s + 186. Calculate v(25).
-14
Let t(h) = 43*h + 342. What is t(-8)?
-2
Let p(g) = 853*g - 74202. Calculate p(87).
9
Let j(i) = -i**3 - 44*i**2 - 383*i + 33. Calculate j(-32).
1
Let g(t) = -2*t**3 + 61*t**2 - 319*t + 37. Determine g(6).
-113
Let a(j) = j**2 - 33*j - 158. What is a(-4)?
-10
Let d(q) = 5349*q - 53487. Calculate d(10).
3
Let d(p) = -3*p**2 - 10*p + 29. Give d(-6).
-19
Let s(r) = -8*r**2 + 142*r - 104. What is s(17)?
-2
Let n(h) = -h**2 - 6*h + 51. Determine n(-13).
-40
Let x(y) = -y**3 - 4*y**2 + 120*y + 23. Calculate x(-11).
-450
Let b(c) = -5*c**2 - 108*c + 53. What is b(-17)?
444
Let y(x) = 23*x + 231. Determine y(-11).
-22
Let z(t) = t**3 - 2*t**2 - 57*t + 207. Calculate z(4).
11
Let j(c) = -c**3 + 13*c**2 + c - 28. Determine j(11).
225
Let o(y) = 42*y**2 + 115*y - 25. What is o(-3)?
8
Let a(i) = 3*i**3 + i**2 - 5*i + 13. What is a(-3)?
-44
Let h(y) = -y**3 - 23*y**2 + 41*y + 16. What is h(-25)?
241
Let t(x) = x**3 - 3*x**2 + 5*x + 8. Calculate t(6).
146
Let m(c) = -51*c**2 + 312*c - 9. Determine m(6).
27
Let p(l) = -6*l**2 - 19*l - 32. What is p(-2)?
-18
Let g(k) = -2*k**2 - 3*k + 222. Give g(-11).
13
Let o(f) = 2*f**2 + 63*f - 235. Determine o(-35).
10
Let r(y) = 177*y - 172. What is r(1)?
5
Let g(u) = u**3 - 27*u**2 + 56*u + 61. What is g(25)?
211
Let c(w) = 26*w - 455. Give c(15).
-65
Let y(h) = -2*h**3 - 3*h**2 - 6*h - 26. Determine y(-4).
78
Let c(f) = -f**2 - 8348*f + 75212. Give c(9).
-1
Let d(p) = 1007*p + 3017. Calculate d(-3).
-4
Let o(h) = 25*h + 387. Give o(-7).
212
Let d(v) = 3*v**2 + 56*v + 163. Calculate d(-3).
22
Let z(g) = 23*g**2 - 71*g + 71. What is z(1)?
23
Let t(b) = 8*b - 28. Determine t(-4).
-60
Let p(c) = 71*c + 12788. What is p(-180)?
8
Let p(a) = -150*a + 29. What is p(1)?
-121
Let j(u) = 946*u + 3768. Determine j(-4).
-16
Let x(m) = 1283*m - 7674. Determine x(6).
24
Let o(a) = 38*a - 742. Determine o(20).
18
Let l(x) = -67*x + 3635. What is l(47)?
486
Let y(f) = -11313*f - 113134. What is y(-10)?
-4
Let o(u) = u**2 + 36*u + 179. Calculate o(-2